 14, what is -3 + 89?
86
In base 4, what is 1010002 - 11?
1003331
In base 2, what is -100 + -110101?
-111001
In base 14, what is 2 - -9b?
9d
In base 4, what is -10 - -1222?
1212
In base 2, what is 101 - 1100110?
-1100001
In base 2, what is 10110 - -100?
11010
In base 3, what is 11001 - 11?
10220
In base 13, what is b - -1b5?
1c3
In base 10, what is 1 + 36?
37
In base 10, what is -111 + -15?
-126
In base 14, what is -a7 - 2?
-a9
In base 16, what is -d + 0?
-d
In base 16, what is -a + 89?
7f
In base 2, what is -11 - 11010010000?
-11010010011
In base 7, what is -3 + 4004?
4001
In base 7, what is 34 + -165?
-131
In base 15, what is 4 + -2bc?
-2b8
In base 14, what is 2 + 11?
13
In base 14, what is 2 - -2d41?
2d43
In base 6, what is -402 + -125?
-531
In base 7, what is -4 - -2360?
2353
In base 14, what is -46 - -65?
1d
In base 9, what is -2 - 311?
-313
In base 9, what is -15573 - 1?
-15574
In base 3, what is 102 + 121022?
121201
In base 4, what is 20 - -21?
101
In base 12, what is 0 - 55?
-55
In base 9, what is 8728 + -3?
8725
In base 4, what is -23130 - 11?
-23201
In base 12, what is 0 + -363?
-363
In base 2, what is 111111 + 1000?
1000111
In base 11, what is 6a1 + 2?
6a3
In base 6, what is -41 + -3?
-44
In base 5, what is 121 + -232?
-111
In base 6, what is -14 + -310?
-324
In base 3, what is 10210121 + 2?
10210200
In base 5, what is -400 + 1?
-344
In base 4, what is -31 + 2012?
1321
In base 13, what is 6 + 101?
107
In base 15, what is -c + -e?
-1b
In base 8, what is -32 - -316?
264
In base 12, what is -4 - 213?
-217
In base 10, what is -3 - -3304?
3301
In base 7, what is -1 - -36?
35
In base 8, what is 12 - -14?
26
In base 12, what is -2 + 119?
117
In base 4, what is 2131 + -100?
2031
In base 13, what is 205a + 4?
2061
In base 3, what is -2 + 1?
-1
In base 8, what is 1 - -2035?
2036
In base 12, what is 424 - -6?
42a
In base 3, what is -11 + 201000?
200212
In base 15, what is 1b + -89?
-6d
In base 14, what is -5 + -5?
-a
In base 6, what is -2 - 35?
-41
In base 13, what is 8 - 13?
-8
In base 13, what is 168 - -4?
16c
In base 14, what is 28 - -1?
29
In base 12, what is 3 + -31?
-2a
In base 3, what is -20122 + -20?
-20212
In base 10, what is 25 + 0?
25
In base 16, what is 3b - -1e?
59
In base 12, what is -5 - 168?
-171
In base 10, what is -2237 - -1?
-2236
In base 2, what is -1010 + 1100001?
1010111
In base 6, what is 1 - -12?
13
In base 7, what is -534 + 3?
-531
In base 15, what is -2 + 747?
745
In base 12, what is -bb - 5?
-104
In base 5, what is 134 + 111?
300
In base 15, what is -5ace - -4?
-5aca
In base 9, what is 1 + 13?
14
In base 12, what is -4 - 3a7?
-3ab
In base 7, what is -31 - 55?
-116
In base 6, what is -102 - -120?
14
In base 16, what is e - -c3?
d1
In base 11, what is -16 + -8?
-23
In base 5, what is -10 - -134102?
134042
In base 2, what is -101001 + -100?
-101101
In base 5, what is -3 + 120?
112
In base 4, what is -2 - -323?
321
In base 12, what is 11 + -47?
-36
In base 5, what is -133212 + 4?
-133203
In base 14, what is -1a - -126?
10a
In base 2, what is -11111 + 1010?
-10101
In base 5, what is 142 - -3?
200
In base 14, what is 0 - -28?
28
In base 8, what is 70 - -7?
77
In base 9, what is 448 - 3?
445
In base 14, what is 18 + 0?
18
In base 5, what is -1323330 + -10?
-1323340
In base 2, what is -1001 + 10000?
111
In base 15, what is -6a - -4?
-66
In base 14, what is -c84 - -2?
-c82
In base 6, what is -3 + 32550?
32543
In base 4, what is -2131120 - 1?
-2131121
In base 16, what is 1a + -7?
13
In base 10, what is -8 - 83?
-91
In base 12, what is 13 + 84?
97
In base 4, what is -3 - 3?
-12
In base 6, what is 3433 - 1?
3432
In base 11, what is 702 + 3?
705
In base 13, what is 4 - 0?
4
In base 6, what is 44 - 2?
42
In base 7, what is -1 - 223?
-224
In base 12, what is -4 + 373?
36b
In base 10, what is 20 - -177?
197
In base 14, what is -4 + -22?
-26
In base 14, what is 1a - 39?
-1d
In base 6, what is 124 + -15?
105
In base 3, what is -1012 - -1000?
-12
In base 8, what is -4 + 40?
34
In base 7, what is -111 + 10?
-101
In base 11, what is 7 - 320?
-314
In base 8, what is 22 - 6?
14
In base 13, what is 3c + 1?
40
In base 10, what is 37 - 3?
34
In base 14, what is -db1 - -5?
-daa
In base 2, what is 1 + -11000?
-10111
In base 13, what is -4c + -4b?
-9a
In base 8, what is 3 + -47?
-44
In base 4, what is -2030 + 110?
-1320
In base 6, what is 3 + 1430?
1433
In base 10, what is 5 + -17?
-12
In base 8, what is 13 - 2?
11
In base 12, what is 0 + 23?
23
In base 9, what is 5 - -3?
8
In base 6, what is -51 - 451?
-542
In base 2, what is -1 - -111100100?
111100011
In base 11, what is 1 + -14?
-13
In base 13, what is -2 - 19?
-1b
In base 13, what is -5 - -18?
13
In base 13, what is -a83 - 9?
-a8c
In base 11, what is -130 + -1?
-131
In base 3, what is 1111 + -110?
1001
In base 6, what is 53 - 0?
53
In base 2, what is 110011001 + 11?
110011100
In base 5, what is -24 - -4?
-20
In base 11, what is -2 - 1199?
-11a0
In base 9, what is -178 + 3?
-175
In base 4, what is 321333 - -2?
322001
In base 16, what is -34 - 1de?
-212
In base 11, what is 8787 + -3?
8784
In base 11, what is 1 + 168?
169
In base 3, what is -2102 + -12?
-2121
In base 4, what is -313321 + -10?
-313331
In base 13, what is 5 + 54?
59
In base 8, what is -1 + 26?
25
In base 3, what is 100000211 - -11?
100000222
In base 12, what is -21b + -17?
-236
In base 11, what is 83 - 18?
66
In base 15, what is -6e - 1a?
-89
In base 15, what is 38 - 1b7?
-17e
In base 11, what is 588 - 2?
586
In base 16, what is -16b - -5?
-166
In base 10, what is 5571 - 3?
5568
In base 15, what is 7 + 9?
11
In base 5, what is -30 + -4233?
-4313
In base 13, what is 5 - -569?
571
In base 3, what is -11 + 2012112?
2012101
In base 14, what is -775 - 3?
-778
In base 15, what is 3 + -29?
-26
In base 8, what is -21 - -33?
12
In base 12, what is -2796 + 1?
-2795
In base 2, what is -11 - -1011010?
1010111
In base 5, what is 4 + -30203?
-30144
In base 4, what is 3 - -1002?
1011
In base 2, what is -11 + -101011011?
-101011110
In base 9, what is 4 + 11627?
11632
In base 16, what is 8 - -9c?
a4
In base 7, what is 113 + -3?
110
In base 5, what is -12 - -1332?
1320
In base 9, what is 25 - 67?
-42
In base 14, what is -16 + -1?
-17
In base 15, what is -2a - 1b1?
-1db
In base 6, what is -255 - 5?
-304
In base 13, what is -caa - -4?
-ca6
In base 9, what is -2147 - 0?
-2147
In base 7, what is -5 + 510?
502
In base 13, what is 5 + 1598?
15a0
In base 4, what is 11321020 + 3?
11321023
In base 13, what is -4 - -584?
580
In base 6, what is -3 - -531?
524
In base 11, what is 1 + -15?
-14
In base 8, what is 1422 + 16?
1440
In base 5, what is -4 + 2131?
2122
In base 16, what is -5f - 17?
-76
In base 8, what is -7160 - -5?
-7153
In base 7, what is 34 - -264?
331
In base 5, what is 134042 + -10?
134032
In base 8, what is 336 - -1?
337
In base 2, what is 11 - 1111?
-1100
In base 6, what is 1 + -403?
-402
In base 13, what is 1 - -5?
6
In base 3, what is -2000 - 21?
-2021
In base 11, what is -11 + -385?
-396
In base 12, what is -b9a + 3?
-b97
In base 6, what is 4 - 1313?
-1305
In base 7, what is -1 - -3453?
3452
In base 4, what is 10330 - -10?
11000
In base 2, what is 100000110001010 - 10?
100000110001000
In base 13, what is -9c + 76?
-26
In base 8, what is -2 + -104?
-106
In base 6, what is -1432 + 5?
-1423
In base 10, what is 1195 - 4?
1191
In base 10, what is -35 - 1?
-36
In base 10, what is 21 - -256?
277
In base 4, what is 3 - -11?
20
In base 16, what is 628 - 3?
625
In base 15, what is -2 + a1?
9e
In base 14, what is -5 - -2?
-3
In base 15, what is b6 - 2?
b4
In base 5, what is 1012 + 2?
1014
In base 15, what is -4 + -5?
-9
In base 6, what is -10 - -13?
3
In base 9, what is -765 - 0?
-765
In base 3, what is 1011111 + 12?
1011200
In base 11, what is 536 + -3?
533
In base 16, what is -1 - -3d?
3c
In base 12, what is 6b + -7?
64
In base 7, what is 4346 - -2?
4351
In base 5, what is -100 + -23?
-123
In base 2, what is -1 - -11010100111?
11010100110
In base 15, what is 5c + -5?
57
In base 11, what is -56 - 40?
-96
In base 6, what is 5 + 304?
313
In base 10, what is -48 - -5?
-43
In base 4, what is -3 - 2303?
-2312
In base 8, what is -5 + -44?
-51
In base 15, what is -6 + -1e?
-25
In base 6, what is 103 - -13?
120
In base 2, what is 1000 - 11011?
-10011
In